Suppose k = -w*k + 348. Is k a prime number?
False
Suppose 0 = 5*y - x - 55971, -4*y - x + 44775 = -0*x. Suppose -2*a = y - 2330. Is 1/3 - a/24 a prime number?
False
Suppose -5*l + 30 = 5*p, -5*l - 6 = -5*p + 14. Suppose 2*k = -p*b + 2*b + 121, -5*b + k + 180 = 0. Is b composite?
False
Let p(k) = k**3 + 10*k**2 - 5*k - 7. Suppose o + 25 = -4*o. Is p(o) a composite number?
True
Suppose o - 14 = 5*z, 2*z + 5 = 2*o - o. Let y = o - -1. Suppose -2*n + 67 = -y*s + s, n + 3*s = 26. Is n prime?
False
Let d be 149/3 - (-1)/3. Let s = d - 105. Let w = 92 + s. Is w prime?
True
Suppose -4*m + 6 = -82. Is m a composite number?
True
Is 3019/2 + (-3)/(-2) composite?
False
Let c(m) = -18*m**3 - 3*m**2 + 4*m - 7. Is c(-4) composite?
True
Suppose 2*k - v + 4*v = 13, -v + 9 = -4*k. Is 1 + k + (0 - -53) prime?
True
Let s be -99*(3/3)/(-1). Let n = s + -22. Is n prime?
False
Let h(w) = w. Let p be h(1). Is -133*(p - -2 - 4) a prime number?
False
Is ((-2)/(-4))/1*614 prime?
True
Let f(y) = 30*y**3 - 2*y**2 + 6*y - 1. Is f(3) a composite number?
False
Is 3/9 + 514/6 a composite number?
True
Is (262/(-4))/((-12)/24) composite?
False
Let a(x) be the third derivative of -x**5/60 - 5*x**4/12 - 3*x**3/2 + 4*x**2. Is a(-8) prime?
True
Let c(j) = -j**3 - 4*j**2 - 3*j - 3. Let x be c(-3). Let u(r) = -8 + 3*r - 1 + 9 + 11*r**2 - 1. Is u(x) prime?
True
Suppose 0 = -0*b - 5*b - 30. Let w = 4 + b. Is (-404)/(-12) + w/3 composite?
True
Is -1 - -63 - (3 - 0) prime?
True
Suppose 2*y + 4*y - 24 = 0. Suppose -y*l + 3*n = -1330, 0 = -2*l - 4*n + 813 - 159. Is l a prime number?
True
Let q = 819 + -542. Is q a composite number?
False
Suppose r + 174 = 3*i, -r + 4 - 7 = 0. Is i prime?
False
Let c = -24 + 1067. Is c a composite number?
True
Let o be (-2)/(-5) + (-36)/(-10). Suppose -o*c - 3 = -51. Suppose 9 = a - c. Is a a composite number?
True
Suppose -2583 + 12755 = 4*t. Is t a composite number?
False
Suppose -3*w - 3 + 9 = 0. Suppose 0 = -3*i + w*j + 89, 2*j = 3*j - 2. Is i prime?
True
Is (1341/(-3))/((-9)/15 - 0) composite?
True
Let s(b) = 5*b**2 + 4*b - 2. Is s(5) a prime number?
False
Suppose 0 = -2*t - 2*t. Suppose 5*m + t*m = 55. Suppose -g + 116 = -m. Is g a composite number?
False
Let v be (0 + -3)/3*-1. Let h(i) = 21*i**3 + 5*i - 3. Let c(b) = -11*b**3 - 2*b + 1. Let x(n) = -5*c(n) - 2*h(n). Is x(v) a prime number?
False
Let i = -1254 - -1963. Is i composite?
False
Is (3/6)/((-8)/(-848)) composite?
False
Suppose -4*y + 20 = y. Suppose y*j - 9 = -2*t + 3, -2*t = -5*j + 15. Suppose -15 + t = -5*s. Is s a prime number?
True
Let t be -2 - (3 - 2)*2. Let j = 1 - t. Let l(r) = 6*r**2 - 7*r + 4. Is l(j) prime?
False
Suppose -13230 = -8*i + 5738. Is i a prime number?
True
Suppose 2*x - 7*x - 7655 = -5*h, x - 7679 = -5*h. Is h prime?
False
Suppose -4*r = r - 90. Let x = 31 - r. Is x a prime number?
True
Suppose -2*q + d - 6 = -2*d, 4*q + 3*d - 6 = 0. Suppose 2*v - 4 = -q*v. Let y = v + 55. Is y a prime number?
False
Let g(j) = 2*j**3 + 8*j**2 + 6*j - 6. Let b be g(-5). Let p = b + 141. Is p a prime number?
False
Suppose 4*i + 5*u - 8 = 0, 4*u + 1 = 3*i - 5. Suppose -294 = -i*k + 24. Is k a composite number?
True
Suppose 5*a - d - 135 = -0*d, 3*a = 4*d + 98. Suppose a = j + 3. Is j prime?
True
Let u = 0 - 2. Let a be 415/45 + u/9. Let s(r) = -r**3 + 10*r**2 - 4*r - 10. Is s(a) prime?
False
Let r = 62 + 69. Is r composite?
False
Let q(y) = 39*y - 2. Let u(l) = 117*l - 6. Let o(k) = 11*q(k) - 4*u(k). Is o(-3) a prime number?
False
Let n(y) = 26*y + 1. Is n(9) a composite number?
True
Suppose -4*k + 1028 = 232. Is k a prime number?
True
Suppose 2*b - 3*b = 0, 2*w - 5*b - 3746 = 0. Suppose 0*v - c - w = -4*v, v - 2*c = 477. Is v a prime number?
True
Suppose -3*t + 2*f = -2*t + 47, -t - 5*f = 54. Let w = 35 + t. Is 199/3 - w/21 a prime number?
True
Let b(x) be the first derivative of x**3/3 - 3*x**2/2 + x + 3. Is b(-3) composite?
False
Is (1 - 0)*(2906 - 3/1) a prime number?
True
Let v = 3 + 5. Let p(m) = m**3 - 9*m**2 + 10*m - 12. Let r be p(v). Suppose 0 = -r*t + 2*q + 300, 3*t - 193 = -q + 42. Is t a composite number?
True
Let x(z) = 10*z**2 - z + 1. Let t be x(2). Suppose -l + t + 25 = 0. Suppose -2*d = d + i - l, 4*d - 86 = -i. Is d a prime number?
False
Let q(h) = 4*h**2 + 2*h + 13. Is q(-8) a prime number?
False
Suppose n = 5*d + 35, n - 8 - 9 = -4*d. Suppose 51 + n = 4*z. Is z a prime number?
True
Suppose 0 = 4*c - 5*l - 754, -l + 98 = c - 95. Is c a composite number?
False
Is ((-236)/6 - 1/(-3))*-1 composite?
True
Let j = 717 - 228. Is j a composite number?
True
Let t be ((-546)/(-4))/((-2)/(-4)). Let u = t + -41. Let a = -143 + u. Is a prime?
True
Let t = 777 - 454. Is t a prime number?
False
Suppose -5*i - 52 = -4*w - 15, -11 = -2*w + 5*i. Is w a composite number?
False
Let j(f) = f - 5. Let m be j(8). Suppose -5*q + 407 = m*x, 16 = x + 3*x. Is q prime?
True
Let l(f) = 44*f**3 - 2*f**2 + f - 1. Let d be 0*(-1)/2 - -2. Let i be l(d). Suppose i = 2*b + 3*b. Is b prime?
False
Suppose 14*m = 18*m - 16. Suppose 715 = s + m*s. Is s composite?
True
Let y(s) = -5*s**3 - 5*s**2 - 2*s + 1. Let g(u) = u**3 - 7*u**2 + 8*u + 1. Let o be g(6). Suppose h + o = -3*j, -5*j - 3 = -2*h - h. Is y(j) a prime number?
True
Suppose 5*u + 5*y + 17 = 2, 0 = 4*y + 20. Suppose 0 = u*a - 4*a + 6. Suppose -j - 106 = -a*j. Is j composite?
False
Is 2/13 + 1960/104 a composite number?
False
Is ((-1)/2)/((-1)/442) prime?
False
Let i = 106 - 63. Suppose 0 = -2*v, 4*v = -2*l + l + i. Is l a composite number?
False
Suppose 0*l - l + 257 = 0. Is l composite?
False
Let i = 5972 - 3685. Is i a composite number?
False
Let c be (0 + (-4)/2)*-2. Suppose c*d - 5*n = -2*n + 43, n - 23 = -4*d. Is d/(-21) - 178/(-3) a composite number?
False
Let m(s) = 39*s**2 + 7*s + 65. Is m(11) a prime number?
True
Let h = 2 + 1. Suppose -3*p + h*x + 101 = -553, -438 = -2*p + x. Is ((-12)/10)/((-8)/p) prime?
False
Let y(c) = -c**3 + 6*c**2 - 2*c + 2. Let a be y(5). Let z = -30 + 24. Let q = a + z. Is q a prime number?
True
Suppose 826 = 3*r - 2*w, w = 1 - 3. Let s = r + 38. Let a = s + -61. Is a prime?
True
Suppose -4*z + 2*x + 1887 + 451 = 0, -2328 = -4*z + 4*x. Is z composite?
False
Let a = -1 + -4. Let s(h) = -25*h + 2. Is s(a) a prime number?
True
Suppose z - 2*s = 3, -4*z + 5*s = 3 - 15. Suppose z*m - 27 - 48 = 0. Is m composite?
True
Let s be 1 + 1 - -31*4. Suppose -5*w - 2*d = -0*d - 210, s = 3*w + d. Suppose 0*v = -2*v + 4*h + w, 4*h = 4. Is v a composite number?
False
Is (-2 + 1 - -3) + 116 prime?
False
Suppose -4*x + 16 = -8*x. Is (-41)/x + 1/(-4) prime?
False
Let h be (-357)/49 + (-2)/(-7). Let s be (h + 7)*(1 - 0). Suppose s*v - v + 67 = 0. Is v a prime number?
True
Let l(v) be the first derivative of -6*v**2 + 8*v - 3. Let i be l(-7). Suppose 5*k - i = k. Is k prime?
True
Suppose -4*i + 4 = -5*i. Is (i/8)/(2/(-652)) composite?
False
Suppose -x - 2*i = -6*i - 20, -3*i = 12. Let s = 46 + -44. Suppose f + f + 4*k - 36 = 0, 0 = x*f + s*k - 48. Is f prime?
False
Let s(f) = -f - 3. Let p be s(5). Let d be 16/40 - p/5. Suppose -56 = -d*c + 242. Is c a prime number?
True
Let f be 3 - (-5)/(-2)*-2. Suppose -3*i + f = -i. Let s(p) = p**3 - 3*p**2 + p - 5. Is s(i) composite?
True
Suppose -4605 = -14*q + 9*q. Is q a prime number?
False
Suppose -4*l + 4*d = -d - 3666, -4*d = -8. Is l prime?
True
Let v = 202 - 143. Is v prime?
True
Let k(p) = -p + 8. Let i be k(6). Suppose i*d - 79 = 159. Is d prime?
False
Let d = 54 - -23. Is d a composite number?
True
Suppose 0 = -4*o + 3*o + 2. Suppose -3*v = o*v + 30. Is 230/3 + (-2)/v composite?
True
Let v be (-1 + 1)*(-5)/(-10). Suppose 5*o = -v*o - 170. Is (-1 - 0)*(-3 + o) a prime number?
True
Let q be (-9)/(-2)*(-4)/3. Let m(w) = w**2 - 2*w + 7. Is m(q) composite?
True
Let p be (0 - -2)*10/(-4). Let s be (-2 - -1)*p*1. Let i(g) = 11*g - 4. Is i(s) prime?
False
Is 1054 + (-21)/(-18) + (-3)/18 composite?
True
Let a(v) = -v**2 + 3*v**2 + 4*v + v**2 + 7. Let b be a(-8). Suppose 3*m - 5*l - 220 = 0, -3*m = 4*l - 8 - b. Is m composite?
True
Suppose 0*k = -5*k + 20. Suppose l = g + 87, g - 221 - 117 = -k*l. Is l prime?
False
Let d = -14 - -9. Let k = -1 + d. Let u(r) = -r**3 - 7*r**2 - 9*r - 4. Is u(k) a prime number?
False
Let m(t) be the first derivative of -t**4/4 + 4*t**3/3 + 5*t**2/2 - 1. Let f